he prime factors of t.
1747
Let t = 1519 - 1457. What are the prime factors of t?
2, 31
Let g(r) = 2*r**3 - 7*r**2 - 22*r - 18. List the prime factors of g(8).
2, 191
Let a = 69 + 79. List the prime factors of a.
2, 37
Let z(t) = -4*t**2 + 5*t + 7. Let v be z(5). List the prime factors of 4 + (-4 - (v + 4)).
2
Let v = 658 - 473. List the prime factors of v.
5, 37
Suppose -2*x + x + 3*r + 8 = 0, x = -5*r - 8. Suppose -p + 2*p = -2*o + 12, -x*o + 44 = 5*p. What are the prime factors of p?
2
Let v(o) = -o**3 - 13*o**2 + 9. Let m be v(-13). Suppose m*k = 5*k + 432. List the prime factors of k.
2, 3
Let v(p) = -19*p + 7*p + 15*p + 12*p**2 - 4. List the prime factors of v(2).
2, 5
Suppose 12*h = -5*h + 82263. What are the prime factors of h?
3, 1613
Let b(a) = -a**3 - 2*a**2 + 5*a - 7. Let c be b(-4). Suppose 0 = 4*h + c*x - 13 - 18, -2*h - x = -23. What are the prime factors of h?
2, 7
Suppose -747 = 2*p - 5*p. List the prime factors of p.
3, 83
Let q = 3442 + -2427. What are the prime factors of q?
5, 7, 29
Let n(l) = -21*l + 38. Let x(k) = 11*k - 19. Let g(o) = -6*n(o) - 11*x(o). What are the prime factors of g(6)?
11
Let q be 2/(-9) - (-29)/9. Let z(g) = -q*g**3 + 3*g**3 + 2*g + 5*g**2 - g**3 + 0*g**3. What are the prime factors of z(5)?
2, 5
Suppose -o = 6 - 2. Let h be 0 + o*1/(-2). Suppose 4*y - 8 = -h*w, -2*y = 4*w - 0*y - 16. What are the prime factors of w?
2
Suppose 11*a - 14 = 4*a. List the prime factors of (29/(-2))/((a/4)/(-1)).
29
Suppose -2*q = -5*k + 2*q + 2215, -2*k - 2*q + 904 = 0. List the prime factors of k.
3, 149
Let i(w) = w**2 - 14*w + 10. Let z be i(13). List the prime factors of (z + 3)/5 - -91.
7, 13
Suppose s = -4*t + 11, -2*t - 4*s = -0*t - 2. Let w = t + 2. List the prime factors of (-2)/(10/w) + 14.
13
Suppose 0 = 5*z - 7*z + 110. Let s = 139 - z. List the prime factors of s.
2, 3, 7
Let k = 458 - 270. List the prime factors of k.
2, 47
Suppose -f + 42744 = 25*f. What are the prime factors of f?
2, 3, 137
Let h(l) = -8*l + 7. Let s be (3 + 0)*(2 - 4). Let q be h(s). What are the prime factors of (56/20 - 2)*q?
2, 11
Let q(f) = -f**3 + 58*f**2 + 35*f - 154. What are the prime factors of q(58)?
2, 7, 67
Let f(v) = 18*v - 4. What are the prime factors of f(3)?
2, 5
Let d = -204 - -267. Suppose -4*q + 3*q - 3*x - 10 = 0, 5*q - 3*x - 40 = 0. Suppose -d - 30 = -2*m + q*c, 102 = 3*m + 5*c. List the prime factors of m.
3, 13
Let q(m) = m**2 - 5*m - 6. Let i be q(5). Let x be (2 + 23)*(4 + -2 + -1). Let p = i + x. What are the prime factors of p?
19
Suppose 7*c + 552 = 11*c. Suppose 4*n - c = -6. List the prime factors of n.
3, 11
Let p be 1 - -7 - (-1 - -2). Let v = 24 + -24. Let s = p + v. What are the prime factors of s?
7
Suppose -2*x - 4*u = -7854, x + 2*u - 7*u = 3955. What are the prime factors of x?
5, 787
Suppose -42*i = -4*i - 111834. What are the prime factors of i?
3, 109
Suppose -203*g + 3252 = -200*g. List the prime factors of g.
2, 271
Let y(m) = 5 + 0*m**2 - 4*m**2 + 0*m**2 + 2*m + 3*m**2. Let q be y(3). Suppose -3*i = q*i - 95. List the prime factors of i.
19
What are the prime factors of (-34 - 119)*(9/(-3) - 1)?
2, 3, 17
Let v(x) = -x**2 - 11*x - 23. Let i(b) = -b**2 + b + 1. Let n(y) = -2*i(y) + v(y). Let r be n(12). What are the prime factors of (-1)/1*(r + 2)?
5, 7
Let d = 2735 - 1589. List the prime factors of d.
2, 3, 191
Let n = 413 + -379. What are the prime factors of n?
2, 17
Let y = 19 + -11. Suppose -z = -0*z - y. Let h = z - 2. What are the prime factors of h?
2, 3
Let x = 5332 + -2955. List the prime factors of x.
2377
Let z = -5 - -41. Let d = z - -24. Suppose 12 = 3*g - d. List the prime factors of g.
2, 3
Let y = -988 + 1965. List the prime factors of y.
977
Let w be 3/(-2) + (-19)/(-2). Suppose -n + 0 + w = 0. Suppose n*l - 3*l + 14 = 4*r, -5*r + 3*l + 24 = 0. What are the prime factors of r?
2, 3
Let d = 16 - 28. Let t be 205/4 + 3/d. Suppose 5*o + 3*z - 125 = -0*z, -3*z - t = -3*o. What are the prime factors of o?
2, 11
Let d be 3*((-1)/(-3) - -1). Suppose 3*n - 4*f = -f - 6, -d*n + 4 = -f. What are the prime factors of (22 - (-1 + 0)) + n?
5
Let y(w) = -w - 2. Let u be y(-5). Let p(k) = -2 - 4 + 5 + u*k - 4 + k**2. What are the prime factors of p(-6)?
13
Let t = -32 + 30. What are the prime factors of (0 + t)/(37/(-12) + 3)?
2, 3
Let t(q) = 23*q - 16. Let r be t(5). Suppose 2*c = f + r, -c - 7*f = -4*f - 32. Suppose -6*n = -c - 115. List the prime factors of n.
3
Let q be 46/8 + -2 - (-3)/12. Let z(c) = 4*c**3 - 5*c**2 + 2*c - 7. List the prime factors of z(q).
3, 59
Let w = 120 + -44. Let f = w + -29. List the prime factors of f.
47
Let x(a) = -10 - 3 + 14 - 50*a - 28*a. List the prime factors of x(-1).
79
Let z = -23 - -26. Suppose 26 = y - z. Let o = y - 19. What are the prime factors of o?
2, 5
Let b = -2118 + 6529. List the prime factors of b.
11, 401
Suppose 0 = -5*f + 634 + 516. Let m = 331 - f. Suppose -4*l + 35 = -m. What are the prime factors of l?
2, 17
Let w(r) = r**2 + 8*r + 13. Let u be w(-8). Suppose -19*b + 1350 = -u*b. What are the prime factors of b?
3, 5
Let c(s) = 87*s**3 - 2*s**2 + s + 2. List the prime factors of c(2).
2, 173
Let w be (-15)/45 - (-1)/3. Let o(f) = 3*f + 129. Let n be o(w). Suppose 0 = -4*b - s + n, 4*s = -b + 3 + 18. What are the prime factors of b?
3, 11
Suppose 4*b = 3*f - 40, -4*f + 5*b + 29 = -23. List the prime factors of f.
2
Let s(j) = -j + 54. Let v be s(-4). Suppose 3*d = 2*b + v, 0*d + 5*d - 4*b = 94. What are the prime factors of d?
2, 11
Let b(d) = 882*d**2 - 3*d - 5. List the prime factors of b(-1).
2, 5, 11
Suppose 17 = 5*n - 2*u, -n + 4*u - 11 = -6*n. Suppose 4*r = 4*h - 21 - n, -5*h = r + 18. What are the prime factors of (8/(-3))/(r/108)?
2, 3
Suppose -4*o - 33 - 3 = 0. Let s(g) = g**3 + 10*g**2 + 9*g + 6. Let v be s(o). Suppose 102 = v*a - 0*a. List the prime factors of a.
17
Suppose k - 4*r - 529 = 0, 2*k + 4*r - 854 = 180. What are the prime factors of k?
521
Suppose -32384 = -114*v + 26*v. List the prime factors of v.
2, 23
Suppose 0*s + 3*s - 342 = 0. Suppose 3*u + s = 4*u. Suppose -p = 2*p - u. List the prime factors of p.
2, 19
Let m = 269 - -693. What are the prime factors of m?
2, 13, 37
Let y = -23 - -28. Suppose -3*o + 2*m = -2*m - 535, -3*o + 3*m + 540 = 0. Suppose y*g - 175 = o. What are the prime factors of g?
2, 3
Let x(w) = 10*w - 10. Let r be x(15). Suppose 4*t = 3*h + r, t + 0*t - 5*h - 52 = 0. Suppose 0 = 7*j - 6*j - t. What are the prime factors of j?
2
Suppose -27*c = -13*c - 19488. List the prime factors of c.
2, 3, 29
Suppose -i = 4*p + 3 - 19, 0 = 2*p + 4*i - 22. Let m be (-3 + p)/(6/2). Suppose -95 = -5*f - m*f. What are the prime factors of f?
19
Suppose -j - 5 = 2*i, 3*j + 5*i + 14 = j. Suppose -3 - 9 = -j*m. List the prime factors of m/(-4)*(-1 + -17).
2, 3
What are the prime factors of (-705)/2*(-64)/40?
2, 3, 47
Let n = -1 + 5. List the prime factors of (0/n)/(-5) - -63.
3, 7
Let t(j) = -2*j**3 - j**2 - 4. Let n be t(-2). What are the prime factors of 21*(n - 4) + (1 - 1)?
2, 3, 7
Let d = 1625 - 433. What are the prime factors of d?
2, 149
Suppose 0 = 530*w - 535*w + 1525. List the prime factors of w.
5, 61
Suppose 3*j + 2*j + 4*y = 30, -j - 4*y + 22 = 0. Suppose -2*z - 2*z - m - 209 = 0, 3*m - 87 = j*z. List the prime factors of z/3*1/(-1).
17
Let o(h) = 3*h + 6. Let z = -25 + 29. What are the prime factors of o(z)?
2, 3
Suppose 3*m = 2*g + 6954, 0 = 7*m - 2*m - 4*g - 11590. List the prime factors of m.
2, 19, 61
Let a(t) = -39*t + 27. Let n be a(-11). Suppose -15*o + n = -9*o. List the prime factors of o.
2, 19
Let i = 69 - 54. Let l(f) = f**3 - 13*f**2 - 27*f - 19. List the prime factors of l(i).
2, 13
Let a(i) = -i**3 + 2*i + 3. Let v be a(2). Let m = v - -23. List the prime factors of m.
2, 11
Let r(l) = l**3 - 2*l**2 - 4*l + 4. Let v be r(2). Let h = 22 + v. Suppose -14*z = -h*z + 64. List the prime factors of z.
2
Let j be (-1)/(-3 - 5/(-2)). Suppose x + 2*f - 32 = 0, j*f = -x + 5*x - 108. What are the prime factors of x?
2, 7
Let w(t) = 5*t**2 + 9*t - 26. What are the prime factors of w(9)?
2, 5, 23
What are the prime factors of (-8 - (3 + -6)) + 1008?
17, 59
What are the prime factors of (-88)/(-110)*3630/4?
2, 3, 11
Let z = 1183 - 423. List the prime factors of z.
2, 5, 19
Let o be -1*6*2/